hen 9 is divided by j(g)?
3
Suppose r - 11 = -2*f + 6, -2*f + 2*r = -2. Let l = f - -28. Suppose 0 = -5*k + v + 60, k + 3 = -5*v + 15. What is the remainder when l is divided by k?
10
Let f = -42 + 55. What is the remainder when 75 is divided by f?
10
Suppose -4*l = -3*c - 43, 0 = 2*l - c - 3 - 20. What is the remainder when (-1 - 0)/((-2)/98) is divided by l?
10
Let t(b) = -6*b + 49. Calculate the remainder when t(0) is divided by 37.
12
Suppose -4*d - 2*w + 90 = 0, -5*d + 6*w + 107 = 3*w. Let j = -8 + 20. Suppose 0*v = -v + j. Calculate the remainder when d is divided by v.
10
Let d(b) = -13*b - 3. Let o = 3 - 5. Calculate the remainder when d(o) is divided by 6.
5
Let g = 190 + -328. Let p = g - -250. Suppose -s - s = -p. Calculate the remainder when s is divided by 19.
18
Let v(c) = -c + 2. Calculate the remainder when (1 + 50)/(-3)*-1 is divided by v(-8).
7
Suppose -3*p - 2*y = -0*y - 57, 5*y = 15. Calculate the remainder when p is divided by 9.
8
Let q be 6/21 - (-16)/(-7). What is the remainder when 37 is divided by 15 + (q + 0 - 0)?
11
Suppose -4 = -2*x + 4. Suppose x*i - 17 - 91 = 0. Calculate the remainder when i is divided by 7.
6
What is the remainder when (8/12)/(12/774) is divided by 15?
13
Let r = -158 + 163. What is the remainder when 8 is divided by r?
3
Let n(z) = -3*z + 8. Let x(d) = -5*d + 1. Let u(m) = 11*m - 2. Let g(r) = -2*u(r) - 5*x(r). What is the remainder when n(-8) is divided by g(4)?
10
Suppose 2*j + 3*j + 271 = 2*w, 5*w + 4*j - 694 = 0. Suppose -w = b - 4*b. What is the remainder when b is divided by 12?
10
Suppose -3*f + f = y - 43, 9 = 3*y. Suppose 0 = 3*s - 4*s. Suppose -3*i - 21 + 54 = s. Calculate the remainder when f is divided by i.
9
Suppose 0 = -k - 3*k + 60. Suppose d + 3*j = 4*j + 9, 2*d = -2*j + 14. What is the remainder when k is divided by d?
7
Suppose 0 = 2*j - 2, -j + 53 = z + 3*z. Calculate the remainder when z is divided by 1.
0
Let t(i) = 3*i + 1. Let l be t(-1). Let o be 4 - (4 - (l - -4)). Suppose 4*g - 14 = o*g. Calculate the remainder when 13 is divided by g.
6
What is the remainder when 12 is divided by 4 - -1*(6 + -5)?
2
Let d(o) = -17*o + 3. Calculate the remainder when d(-2) is divided by 10.
7
Let s be -3*(2 - (-8)/(-12)). Calculate the remainder when 15 is divided by (6/3)/((-1)/s).
7
Let d be (-3 + (-7)/(-3))*-6. Suppose -d*b + 12 = -36. What is the remainder when 22 is divided by b?
10
Let b = 16 + 9. What is the remainder when 39 is divided by 24/(-15)*b/(-2)?
19
What is the remainder when (-2)/(3204/(-7785) + (-4)/(-10)) is divided by 22?
19
Suppose 0 = -y - g + 4, 0*y + y = 4*g - 11. Calculate the remainder when 38 is divided by -3 - (1 + -16 - y).
12
Let r = -122 - -200. Calculate the remainder when r is divided by 40.
38
Suppose -2*g + 5*g = n - 30, 110 = 2*n + 4*g. Calculate the remainder when n is divided by 13.
6
Let r(b) = 2*b - 3. Calculate the remainder when -1*2*(-18)/12 is divided by r(2).
0
Suppose -60 = -38*g + 32*g. Suppose 43 + 33 = 2*j. What is the remainder when j is divided by g?
8
Let l be -1 - (-3)/6*2. Suppose l*v - 3*v + 30 = 0. Calculate the remainder when v is divided by 4.
2
Let h(s) = s**3 - s - 1. Let q(p) = -5*p**3 + p**2 + 6*p + 9. Let l(u) = 6*h(u) + q(u). Calculate the remainder when 7 is divided by l(0).
1
Let f = -9 - -6. Calculate the remainder when 20 is divided by (-22)/f - 3/9.
6
Let k = -194 - -323. Calculate the remainder when k is divided by 44.
41
Let i(d) = -5*d**2 - 5*d + 6. Let p be i(7). Let v be p/8 - (-9)/(-12). Let r = 0 - v. What is the remainder when r is divided by 18?
17
Let t(q) = -9*q - 10. Calculate the remainder when 36 is divided by t(-2).
4
Let c be 3/(-6)*-4 + -524. What is the remainder when (c/45)/(2/(-5)) is divided by 16?
13
Suppose -5*k - c + 117 = 0, 5*k - 179 = -4*c - 71. Suppose -2*g = g - k. What is the remainder when (-132)/9*(-6)/4 is divided by g?
6
Let a be (-121)/4 + -1 + 8/32. Suppose 3*f + g = -24 - 8, 2*g = -2*f - 20. Let p = f - a. Calculate the remainder when 58 is divided by p.
18
Let d = -33 + 71. Calculate the remainder when d is divided by 5.
3
Suppose 117 = 14*u - 11*u. What is the remainder when 115 is divided by u?
37
Let z = -3 + 6. Let c = 4 + z. What is the remainder when 13 is divided by c?
6
Suppose 0*u - 7*u + 875 = 0. What is the remainder when u is divided by 32?
29
Let h = -338 - -513. Suppose -h = -11*z + 6*z. Calculate the remainder when z is divided by 19.
16
Suppose 3*t - 13 = d, 2*t + 4*d - 2 = 2. Suppose 6*k = 3*k - 3*q + 6, k = 5*q - t. Suppose -5*o = -2*o - 3. What is the remainder when o is divided by k?
0
Let n = 20 + 0. What is the remainder when n is divided by 8?
4
Suppose 3*p = 4*w - 18, 2*w + p + 4 = -4*p. Let f = w + 8. What is the remainder when 32 is divided by f?
10
Suppose -5*c + 3*c = -54. Suppose -3*l - 3*s = 2*l - 70, s = -2*l + c. Calculate the remainder when l is divided by 8.
3
Suppose -2*k + 76 = -4*p + k, 4*p = 5*k - 84. Let v = p - -27. What is the remainder when (1 - (42/9)/2)*-15 is divided by v?
9
Let w = -15 - -7. Suppose 0 = -2*s + 5*i + 17, -5 = -3*s + 3*i - 2. Calculate the remainder when (-2)/w - 19/s is divided by 3.
2
Let z(n) = -n**2 - 13*n - 9. Let i be z(-8). Suppose -2*u + 19 = -i. Calculate the remainder when u is divided by (-2)/(-1) + 12 + -1.
12
Let s be (2 - -48)*(-10)/(-20). Suppose -s = -17*l + 12*l. Calculate the remainder when l is divided by 2/(2/3) - 1.
1
Suppose 4*v + 5*b - 74 = 0, -5*v + 2*v - b + 50 = 0. Calculate the remainder when 47 is divided by v.
15
Let t(j) = j**2 + 4*j + 2. Suppose -3*c + 2*n = 3*n, -c = 3*n. Suppose 0 = 5*v - c*v + 25. What is the remainder when 11 is divided by t(v)?
4
Let n(d) = -2*d - 15. Let g = -1 - -3. What is the remainder when n(-11) is divided by g?
1
Let t(s) = -s**2 + 15*s - 8. What is the remainder when 33 is divided by t(13)?
15
What is the remainder when 70 is divided by ((-736)/(-12))/8 + 8/6?
7
Suppose -4*x = -4*c, -27 + 12 = -3*x. What is the remainder when c is divided by 4?
1
Suppose -2*p - 2 - 4 = 0. Calculate the remainder when 38 is divided by ((-1)/p)/(5/195).
12
Let z(l) = -l**2 - 10*l + 2. Let m be z(-10). Suppose 6 - 82 = -4*j. Suppose -m*u = 3 - j. Calculate the remainder when 14 is divided by u.
6
Let h = -93 + 65. Let g = h + 44. Calculate the remainder when g is divided by 6.
4
Let p be (-1 - -11)/(2/4). What is the remainder when 10 is divided by (12 - p)*(-2)/4?
2
What is the remainder when 57 is divided by 4/8*1*4*6?
9
Let m = -32 + 93. Suppose 0 = -0*g + 2*g + 2, 5*a + 2*g = 313. Suppose -2*r = 0, 3*j - 2*r - a = -0*j. What is the remainder when m is divided by j?
19
Let o = 82 + -44. Let f(s) = -12*s**3 + 2*s**2 + 2*s + 1. Suppose -2*r = y + 2*y - 1, 5*y + 2*r + 1 = 0. Calculate the remainder when o is divided by f(y).
12
Let f be (0 - 8) + (-2 - -4). Let d = f + 13. Suppose -32 = -4*q - 4*v, -4*q + 9*q - 12 = 2*v. What is the remainder when d is divided by q?
3
Let t(w) = 19*w**3 + w**2 + w - 2. Calculate the remainder when t(1) is divided by 7.
5
Let a(r) = -11*r + 47. Calculate the remainder when a(0) is divided by 10.
7
Suppose 18 - 2 = 4*o. What is the remainder when 31 is divided by (0 - -10) + -3 + o?
9
Suppose 5*n = 3*x + 22, -4*x = -4*n - n + 26. Let o = 6 + x. Suppose 0 = 4*k + 2*m + m - 6, -13 = -3*k + o*m. What is the remainder when k is divided by 2?
1
Let p(w) = -2*w + 4. Suppose 62 + 57 = 2*o - 5*m, -m - 5 = 0. Calculate the remainder when o is divided by p(-4).
11
Let d(a) = 2*a**2 - a - 7. Suppose 2*u = -1 + 11. Suppose 0 = -3*s + 2*o + 37, 3*s = -s - 5*o + 57. What is the remainder when d(u) is divided by s?
12
Suppose 2*u - 1 = -11, -4*u = -c + 99. What is the remainder when c is divided by 12?
7
Let o be ((-3)/6)/((-2)/144). Suppose 7 = 4*j + v - o, 0 = 3*j - 3*v - 36. What is the remainder when j is divided by 4?
3
Suppose -3*a = 9, o + 4*a + 2 = 5. What is the remainder when 89 is divided by o?
14
Let f = -34 + 36. Let v = 0 + 2. Suppose -r = -1 + 2, -v*r + 1 = 3*g. What is the remainder when f is divided by g?
0
Let g = -62 - -174. What is the remainder when g is divided by 23?
20
Suppose 5*h + 5*h = 290. Calculate the remainder when h is divided by 4/(-3)*9/(-2).
5
Let g = 121 - -24. Calculate the remainder when g is divided by 37.
34
Let k(o) 